(-9). Let n(i) = -2*i**3 + 4*i**2 - 2*i - 2. What is n(h)?
-6
Let i = -2 + -2. Let b(y) be the first derivative of y**3/3 + 2*y**2 - 5*y + 136. Determine b(i).
-5
Let g(y) = -3*y**3 - 3*y**2 - y - 3. Let l(p) = p**3 + p**2 + 1. Let r(f) = 2*g(f) + 5*l(f). Calculate r(-1).
1
Let v = -1 - 0. Let y be v - (-3 + 6 + 0). Let i(w) = -w**3 - 4*w**2 + w - 2. Give i(y).
-6
Let z(a) be the second derivative of a**3/2 + 5*a**2/2 + 17*a. Determine z(-4).
-7
Let p(c) = 1 + 2*c - c - 5*c + 3*c + c**2. Suppose -5*o = d - 2*o + 8, -4 = d + 2*o. Let t(u) = -u**3 + 4*u**2 - u + 4. Let m be t(d). What is p(m)?
1
Let l(m) be the first derivative of -9*m**4/2 - 2*m**3/3 + m - 17. Calculate l(-1).
17
Let f(t) = 2*t**2 + t + 1. Let n(z) = -9*z**2 - z - 4. Let s(x) = -5*f(x) - n(x). Give s(-6).
-13
Let y(i) = 0 + 5*i - 4*i - i**3 + 4 - 6*i**2. Let m(u) = -8*u + 34. Let b be m(5). Determine y(b).
-2
Suppose -7*o + 24 = -11*o. Let d(m) = m + 4. Determine d(o).
-2
Let n(h) = -h**3 - 4*h**2 - 2. Let d be n(-4). Let m(q) = q**3 + 2*q**2 + q + 1. Give m(d).
-1
Suppose 0 = 4*j + l - 21 - 7, 5*j + 3*l - 28 = 0. Let r = j + -7. Let m(d) = 4*d**2 + 2*d - 1. Give m(r).
5
Let y(m) = 0*m + 5*m - 3*m - 1. Let s = -1 + -5. Let h(o) = -o**2 - 7*o - 4. Let g be h(s). Give y(g).
3
Let x(q) = -q + 3. Suppose -u - u + 9 = 5*n, 0 = -5*u + 4*n - 27. Let c be -2*(-1 - u/(-2)). Suppose -c - 5 = -2*k. What is x(k)?
-2
Let u(z) = -2 - z - 4 + 7 - z**2. Let s be ((-5)/4 - -1)*-4. What is u(s)?
-1
Let b(l) be the first derivative of 8*l + 2 + 4*l**2 + 8/3*l**3 + 1/4*l**4. Let s be b(-7). Let k(u) = u - 1. Determine k(s).
0
Let m = -5 - 1. Let k(n) = n**2 + 5*n - 5. Determine k(m).
1
Let w(j) = 5*j. Suppose 3*f = 5 - 2. Let s(b) = f + 0 - 25*b + 0. Let i(a) = 2*s(a) + 11*w(a). Determine i(2).
12
Let g(l) = -l**3 - 5*l**2 + 2*l + 7. Let h(o) = -5*o**3 + 7 - 11 + o + 3. Let x be h(1). Determine g(x).
-3
Let w(i) be the first derivative of i**4/12 - 4*i**3/3 + 5*i**2/2 + 6*i + 4. Let p(g) be the first derivative of w(g). Suppose 0*u + 30 = 5*u. Calculate p(u).
-7
Let r be 10/(3 - (-15)/(-3)). Let g be (-1)/((-2)/(-3 - r)). Let w(d) = -6*d**3 + d**2 - 2*d + 1. What is w(g)?
-6
Suppose -5*g - 8 - 7 = 0. Let z(o) be the first derivative of -o**2 + 1. Give z(g).
6
Suppose -2*l - 4*l - 18 = 0. Let f(j) be the first derivative of j**3/3 - j**2/2 - 2*j + 4. What is f(l)?
10
Let y(p) be the second derivative of p**5/60 + p**4/24 + p**3/6 - 2*p**2 + 4*p. Let l(g) be the first derivative of y(g). Determine l(-3).
7
Let s = 8 - 8. Let m be -6*(s + 2/6). Let j(i) = 15*i + 13. Let k(x) = -5*x - 4. Let d(v) = m*j(v) - 7*k(v). Determine d(2).
12
Let z be (-1)/(-2)*(3 + 15). Let y = z + -6. Let f(n) = 1 + 7*n**2 + 2*n**y - n**2 + 4*n - n**3. Determine f(-5).
6
Let q(v) = -v**2 - 8*v - 2. Let t(o) be the second derivative of o**3/6 - o**2/2 + 9*o. Let u(z) = q(z) + 4*t(z). What is u(-4)?
-6
Suppose 0*f = 2*f - 6. Let s(y) = -f*y + y**2 + 0*y**2 - 3 + 1. Determine s(3).
-2
Let v(b) = 9*b**2 + 13*b - 3. Let c(i) = -4*i**2 - 6*i + 2. Let u(q) = 5*c(q) + 2*v(q). Determine u(-4).
-12
Suppose 2*i + 5 = q, i + 3*i - 16 = 0. Suppose 11 = -3*h - q. Let y = -11 - h. Let s(v) = 4*v + 2. Give s(y).
-10
Let u be ((-42)/9)/(4/(-6)). Let p = 14 - 12. Suppose -3*l = p + u. Let j(o) = -o**3 - 4*o**2 - o. Determine j(l).
-6
Let d(x) be the first derivative of x**3/3 - x**2/2 - 4*x + 2. Suppose -6 = -5*g - 2*k, -2*k + 0 = -5*g - 6. Calculate d(g).
-4
Let b(u) = u**3 + 8*u**2 - 7*u + 13. Let s be b(-9). Let k(z) = z**3 + 6*z**2 + 6*z - 1. Determine k(s).
-6
Let h(i) = 23 - i - 18 + 3*i. Calculate h(-6).
-7
Suppose -3*d - 16 = 4*u - 2, 4*u + 30 = 5*d. Let s(w) = w**d + 8*w**2 - 6*w**2 + 3*w. Give s(-2).
6
Let m = 0 - 9. Let d = m - -7. Let u(a) = a**2 + a + 1. What is u(d)?
3
Let v(s) = -s**2 - s + 4. Let l(y) = y**3 + 2*y**2 - 4*y - 3. Let x be l(-2). Suppose -3*a = -3*b - 3, 3*b = -0*a - x*a + 29. Calculate v(b).
-8
Suppose -3*c + 6 = 3*u, -3*u - 2 = c - 4. Let x(t) = 3*t - 3. Determine x(c).
3
Let z(d) = -2*d + 3*d - 1 + 8. Suppose -5*j = 3*o + 11, -4*j = -5*o + 17 + 14. Let s be (-18)/4 - o/6. What is z(s)?
2
Let h(u) = -6*u**3 + u**2 + u. Let g(y) = -4*y**2 + 5*y + 4. Let o(w) = -w**2 + w + 1. Let b(a) = -g(a) + 3*o(a). Let d be b(2). Give h(d).
6
Let n(h) = -h**3 - h**2 + 1. Let p(f) = -f**3 - f**2 + 1. Let g(j) = 2*n(j) - 3*p(j). Let r = 2 + -10. Let k = -8 - r. Calculate g(k).
-1
Let n be (-8 + 3)*2/1. Let f = 7 + n. Let t be (-1 + f)*(-9)/(-12). Let s(u) = -u**3 - 3*u**2 - 2*u. Determine s(t).
6
Let u(i) = -i**2 - 8*i + 2. Let n be u(-8). Let j be (-44)/(-12) + (-2)/(-6). Let h(l) = 3 + l + l**n + 2 - j. What is h(-2)?
3
Let r = -112 - -119. Let g = -3 - -4. Let h(t) = 2 + r*t - 3*t - 3*t - g. Determine h(-2).
-1
Let b(i) be the second derivative of i**4/6 - i**3/3 - 13*i. What is b(-2)?
12
Let n(u) = -u**2 - 6*u - 4. Suppose 4*g - 22 - 4 = -2*a, 4*a = 4*g - 32. Suppose 0*c - d = -2*c - g, c + 3*d + 21 = 0. What is n(c)?
-4
Let n(o) = o**3 - 5*o**2 + 3*o + 1. Suppose 4*q + 28 = 4*s, 5*s + 2*q - 6*q = 32. Give n(s).
-3
Let s(d) = 0*d + d**2 - 2*d - 5 + 3. Suppose 4*h = 2*c - 22, -2*c - h + 0*h = -27. Suppose -5*y = -l + c, 4*y + 7 = -1. Calculate s(l).
1
Suppose 4*n + 4 = 2*t + 2, -7 = 5*t - 4*n. Let q(a) = -a**3 + 8*a**2 - 7*a + 2. Let h be q(7). Let v(r) = 0*r + 0*r + 0*r - 1 - h*r. Calculate v(t).
5
Let s(n) be the second derivative of -n**5/20 + n**4/6 - n**3/6 - 3*n. Let m be (2/6)/(1/3). Determine s(m).
0
Let x = -16 - -22. Let q = -1 - -4. Let t(r) = x*r - 4 + 0 + q. Give t(1).
5
Let h(y) = y**2 + 3*y - 1. Let p(i) = i**2 + 3*i - 2. Let k(r) = 3*h(r) - 4*p(r). Let o = -10 - -5. What is k(o)?
-5
Let p(s) be the first derivative of -s**4/4 + 4*s**3/3 + 5*s**2/2 + 4*s + 1. Give p(5).
4
Let c(b) be the third derivative of -b**9/60480 + b**8/4032 - b**7/2520 + b**6/180 - b**5/20 - b**2. Let j(n) be the third derivative of c(n). Determine j(5).
-6
Let h be 190/57*(-6)/(-4). Let n(t) = -t**2 + 6*t - 6. Give n(h).
-1
Let s(x) = 4*x**3 + x**2 + 2*x + 1. Let d be ((-1)/(-2))/(-4 + 49/14). Determine s(d).
-4
Suppose -4*k + k + 3 = 0. Let f(g) be the third derivative of -g**6/15 + g**4/12 - g**3/6 + 2*g**2. Determine f(k).
-7
Let w(k) be the third derivative of k**5/60 - k**4/24 + k**3/3 + 3*k**2. Let f(c) = -4*c**2 + 3*c - 9. Let t(p) = -2*f(p) - 9*w(p). Calculate t(4).
-4
Let d(j) = 4*j**2 + 8*j. Let p(g) = -5*g**2 - 9*g + 1. Suppose -2*y - 15 = y. Let s(z) = y*p(z) - 6*d(z). Determine s(4).
-1
Let q = 47 + -44. Suppose -5*r + s = -20, 2*s = -5*r - 2*s + 45. Let d(a) = -2 - 2 - a**2 + 1 + r + q*a. Give d(2).
4
Let i(y) = -y**2 + y - 1. Let p(m) = m**3 - 2*m**2 - 2*m - 3. Let z(d) = -d**2 - 4*d + 3. Let r be z(-4). Let k be p(r). Calculate i(k).
-1
Let m(c) = 5*c - 1. Let h be m(-1). Let a(y) be the third derivative of y**5/60 + 7*y**4/24 + y**3/2 - 9*y**2. Determine a(h).
-3
Suppose -2*i - 5*i = -35. Let a(d) = -3*d + 4. Calculate a(i).
-11
Let i(v) = v**2 - 3. Suppose -2*u + u = -1. Let s = -2 - u. What is i(s)?
6
Let j(o) = 7*o - 3. Let k = 23 + -15. Let q = k - 6. What is j(q)?
11
Let p(z) = -z**3 + 10*z**2 - 9*z + 2. Let r be p(9). Let q(a) = 2*a + 1 + 7*a**3 - 4*a**3 + a**2 + 0*a**r. Suppose 0 = -3*i + 1 - 4. What is q(i)?
-3
Let u(k) = k**3 + 4*k**2 - 5*k - 3. Let l(r) = -r**3 - 5*r**2 + 6*r + 4. Let z(q) = -4*l(q) - 5*u(q). Calculate z(0).
-1
Let p(t) = t**2 - 9*t**2 + 25*t + 1 - 26*t. Determine p(1).
-8
Let r(o) = 3*o**2 + 4*o + 8. Let b(h) = h**2 - h + 1. Let m(l) = 2*b(l) - r(l). Give m(-5).
-1
Let b(l) = 2*l**3 + 2*l**2 - 2*l - 1. Let i be ((-28)/70)/((-2)/(-10)). Give b(i).
-5
Let l = 13/57 - -2/19. Let j(a) be the first derivative of -2 - 2*a - l*a**3 + 5/2*a**2. Give j(4).
2
Let m(o) be the second derivative of -5*o**3/6 - 11*o. Give m(-1).
5
Let m(i) = i**2 + 5*i - 1. Let v be m(-5). Let n(t) be the first derivative of 5*t**4/4 + t - 4. What is n(v)?
-4
Let c(f) = -f + 3. Let m(i) = -1 + 1 - i + 0 + 1. Let u(x) = -4*c(x) + 7*m(x). Give u(-4).
7
Let z(k) = 6*k**2 - k + 1. Let c(x) = -x**3 + 7*x**2 - 5*x - 5. Let j(m) = 4*m**2 - 3 - m**3 + 2*m**3 + 0*m**3. Let b be j(-3). Let g be c(b). What is z(g)?
6
Let v = 26 - 25. Let b(c) = -c - 7. Let o(r) = 51. Let a(z) = -4. Let l(s) = 27*a(s) + 2*o(s). Let j(m) = 5*b(m)